{"id":2596,"date":"2025-12-04T10:16:30","date_gmt":"2025-12-04T09:16:30","guid":{"rendered":"https:\/\/www.landae.fr\/grupos-y-eventos\/"},"modified":"2025-12-04T10:16:30","modified_gmt":"2025-12-04T09:16:30","slug":"grupos-y-eventos","status":"publish","type":"page","link":"https:\/\/www.landae.fr\/es\/grupos-y-eventos\/","title":{"rendered":"Grupos y eventos"},"content":{"rendered":"\n<div class=\"wp-block-columns alignwide is-layout-flex wp-container-core-columns-is-layout-28f84493 wp-block-columns-is-layout-flex\">\n<div class=\"wp-block-column is-layout-flow wp-block-column-is-layout-flow\" style=\"flex-basis:66.66%\">\n<h2 class=\"wp-block-heading\">\u00a1Organiza tu evento a medida <mark style=\"background-color:rgba(0, 0, 0, 0)\" class=\"has-inline-color has-theme-500-color\">en plena naturaleza!<\/mark><\/h2>\n<\/div>\n\n\n\n<div class=\"wp-block-column is-layout-flow wp-block-column-is-layout-flow\" style=\"flex-basis:33.33%\"><\/div>\n<\/div>\n\n\n\n<div class=\"wp-block-columns alignwide is-layout-flex wp-container-core-columns-is-layout-28f84493 wp-block-columns-is-layout-flex\">\n<div class=\"wp-block-column is-layout-flow wp-block-column-is-layout-flow\"><\/div>\n\n\n\n<div class=\"wp-block-column is-layout-flow wp-block-column-is-layout-flow\">\n<p>El bosque de las Landas como tel\u00f3n de fondo. <br>LANDAE te ofrece en alquiler una sala de 320m2 totalmente equipada para tus bodas, seminarios o cumplea\u00f1os. <br>Aprovecha <a href=\"https:\/\/www.landae.fr\/es\/alojamiento-landae\/\" data-type=\"page\" data-id=\"143\">nuestro c\u00f3modo alojamiento<\/a> o las parcelas de acampada para alojar a tus invitados y personal.<\/p>\n\n\n\n<p>Un aperitivo junto a la piscina, una comida a la sidra roja y blanca en nuestra terraza, o una cena a la luz de las velas en nuestro comedor: \u00a1todo es posible!<\/p>\n<\/div>\n<\/div>\n\n\n\n<section class=\"wp-block-group alignfull has-global-padding is-layout-constrained wp-block-group-is-layout-constrained\">\n<div class=\"wp-block-columns alignwide is-style-default is-layout-flex wp-container-core-columns-is-layout-28f84493 wp-block-columns-is-layout-flex\">\n<div class=\"wp-block-column is-style-full-height is-layout-flow wp-block-column-is-layout-flow\" style=\"flex-basis:33.34%\">\n<div class=\"wp-block-media-text is-stacked-on-mobile is-image-fill-element is-style-mobile linked has-false-white-color has-theme-700-background-color has-text-color has-background has-link-color wp-elements-a61a417670c0ffd2cd56a586e41f0327\"><figure class=\"wp-block-media-text__media\"><img alt=\"\" loading=\"lazy\" decoding=\"async\" width=\"1400\" height=\"954\" src=\"https:\/\/www.landae.fr\/wp-content\/uploads\/2025\/12\/les-espaces-communs-secret-wave-surfcamp-1400x954.webp\" alt=\"\" class=\"wp-image-1668 size-full\" style=\"object-position:50% 50%\" srcset=\"https:\/\/www.landae.fr\/wp-content\/uploads\/2025\/12\/les-espaces-communs-secret-wave-surfcamp-1400x954.webp 1400w, https:\/\/www.landae.fr\/wp-content\/uploads\/2025\/12\/les-espaces-communs-secret-wave-surfcamp-800x545.webp 800w, https:\/\/www.landae.fr\/wp-content\/uploads\/2025\/12\/les-espaces-communs-secret-wave-surfcamp-300x204.webp 300w, https:\/\/www.landae.fr\/wp-content\/uploads\/2025\/12\/les-espaces-communs-secret-wave-surfcamp-768x524.webp 768w, https:\/\/www.landae.fr\/wp-content\/uploads\/2025\/12\/les-espaces-communs-secret-wave-surfcamp-1536x1047.webp 1536w, https:\/\/www.landae.fr\/wp-content\/uploads\/2025\/12\/les-espaces-communs-secret-wave-surfcamp.webp 2048w\" sizes=\"auto, (max-width: 1400px) 100vw, 1400px\" \/><\/figure><div class=\"wp-block-media-text__content\">\n<h3 class=\"wp-block-heading\">Seminarios y creaci\u00f3n de equipos  <\/h3>\n\n\n\n<p class=\"has-s-font-size\">Celebra tus reuniones de empresa en nuestra Sala y refuerza tu esp\u00edritu de equipo con nuestras actividades de grupo (Olimpiadas, Juego de Escape a la Naturaleza, etc.).<\/p>\n<\/div><\/div>\n<\/div>\n\n\n\n<div class=\"wp-block-column is-style-full-height is-layout-flow wp-block-column-is-layout-flow\" style=\"flex-basis:33.34%\">\n<div class=\"wp-block-media-text is-stacked-on-mobile is-image-fill-element is-style-mobile linked has-false-white-color has-theme-700-background-color has-text-color has-background has-link-color wp-elements-3b4bbcb0dd18f0e488e20314e824f2ae\"><figure class=\"wp-block-media-text__media\"><img alt=\"\" loading=\"lazy\" decoding=\"async\" width=\"1400\" height=\"933\" src=\"https:\/\/www.landae.fr\/wp-content\/uploads\/2025\/12\/piscine_004-1400x933.avif\" alt=\"\" class=\"wp-image-1691 size-full\" style=\"object-position:50% 50%\" srcset=\"https:\/\/www.landae.fr\/wp-content\/uploads\/2025\/12\/piscine_004-1400x933.avif 1400w, https:\/\/www.landae.fr\/wp-content\/uploads\/2025\/12\/piscine_004-800x533.avif 800w, https:\/\/www.landae.fr\/wp-content\/uploads\/2025\/12\/piscine_004-300x200.avif 300w, https:\/\/www.landae.fr\/wp-content\/uploads\/2025\/12\/piscine_004-768x512.avif 768w, https:\/\/www.landae.fr\/wp-content\/uploads\/2025\/12\/piscine_004-1536x1024.avif 1536w, https:\/\/www.landae.fr\/wp-content\/uploads\/2025\/12\/piscine_004-2048x1365.avif 2048w\" sizes=\"auto, (max-width: 1400px) 100vw, 1400px\" \/><\/figure><div class=\"wp-block-media-text__content\">\n<h3 class=\"wp-block-heading\">Reuniones familiares y celebraciones<\/h3>\n\n\n\n<p class=\"has-s-font-size\">Bodas, cumplea\u00f1os, fiestas de primos&#8230; Aprovecha el ambiente acogedor del camping para alojar a todos tus invitados in situ y utiliza nuestra sala de recepciones para tu comida festiva. <\/p>\n<\/div><\/div>\n<\/div>\n\n\n\n<div class=\"wp-block-column is-style-full-height is-layout-flow wp-block-column-is-layout-flow\" style=\"flex-basis:33.33%\">\n<div class=\"wp-block-media-text is-stacked-on-mobile is-image-fill-element is-style-mobile linked has-false-white-color has-theme-700-background-color has-text-color has-background has-link-color wp-elements-9c1fd269194da314c7d09ad24b8a90ad\"><figure class=\"wp-block-media-text__media\"><img alt=\"\" loading=\"lazy\" decoding=\"async\" width=\"1400\" height=\"933\" src=\"https:\/\/www.landae.fr\/wp-content\/uploads\/2025\/12\/surf-coucher-de-soleil--1400x933.jpg\" alt=\"\" class=\"wp-image-1548 size-full\" style=\"object-position:50% 50%\" srcset=\"https:\/\/www.landae.fr\/wp-content\/uploads\/2025\/12\/surf-coucher-de-soleil--1400x933.jpg 1400w, https:\/\/www.landae.fr\/wp-content\/uploads\/2025\/12\/surf-coucher-de-soleil--800x533.jpg 800w, https:\/\/www.landae.fr\/wp-content\/uploads\/2025\/12\/surf-coucher-de-soleil--300x200.jpg 300w, https:\/\/www.landae.fr\/wp-content\/uploads\/2025\/12\/surf-coucher-de-soleil--768x512.jpg 768w, https:\/\/www.landae.fr\/wp-content\/uploads\/2025\/12\/surf-coucher-de-soleil--1536x1023.jpg 1536w, https:\/\/www.landae.fr\/wp-content\/uploads\/2025\/12\/surf-coucher-de-soleil-.jpg 1600w\" sizes=\"auto, (max-width: 1400px) 100vw, 1400px\" \/><\/figure><div class=\"wp-block-media-text__content\">\n<h3 class=\"wp-block-heading\">Acogida de grupos deportivos o escolares<\/h3>\n\n\n\n<p class=\"has-s-font-size\">Ofrecemos paquetes de alojamiento y restauraci\u00f3n adaptados a los presupuestos y requisitos log\u00edsticos de los grupos.<\/p>\n<\/div><\/div>\n<\/div>\n<\/div>\n<\/section>\n\n\n\n<div class=\"wp-block-buttons is-content-justification-center is-layout-flex wp-container-core-buttons-is-layout-a89b3969 wp-block-buttons-is-layout-flex\">\n<div class=\"wp-block-button is-style-fill\"><a class=\"wp-block-button__link has-theme-100-color has-theme-300-background-color has-text-color has-background has-link-color wp-element-button\" href=\"https:\/\/www.landae.fr\/es\/acceso-y-contacto\/\" style=\"font-style:normal;font-weight:600\"><mark style=\"background-color:rgba(0, 0, 0, 0)\" class=\"has-inline-color has-false-black-color\">QUIERO UN PRESUPUESTO A MEDIDA<\/mark><\/a><\/div>\n<\/div>\n\n\n\n<div class=\"wp-block-columns is-layout-flex wp-container-core-columns-is-layout-28f84493 wp-block-columns-is-layout-flex\">\n<div class=\"wp-block-column is-layout-flow wp-block-column-is-layout-flow\"><\/div>\n<\/div>\n","protected":false},"excerpt":{"rendered":"<p>\u00a1Organiza tu evento a medida en plena naturaleza! El bosque de las Landas como tel\u00f3n de fondo. LANDAE te ofrece en alquiler una sala de 320m2 totalmente equipada para tus bodas, seminarios o cumplea\u00f1os. Aprovecha nuestro c\u00f3modo alojamiento o las parcelas de acampada para alojar a tus invitados y personal. Un aperitivo junto a la [&hellip;]<\/p>\n","protected":false},"author":1,"featured_media":1662,"parent":0,"menu_order":0,"comment_status":"closed","ping_status":"closed","template":"","meta":{"_acf_changed":false,"_seopress_robots_primary_cat":"","_seopress_titles_title":"","_seopress_titles_desc":"","_seopress_robots_index":"","footnotes":""},"class_list":["post-2596","page","type-page","status-publish","has-post-thumbnail"],"acf":[],"_links":{"self":[{"href":"https:\/\/www.landae.fr\/es\/wp-json\/wp\/v2\/pages\/2596","targetHints":{"allow":["GET"]}}],"collection":[{"href":"https:\/\/www.landae.fr\/es\/wp-json\/wp\/v2\/pages"}],"about":[{"href":"https:\/\/www.landae.fr\/es\/wp-json\/wp\/v2\/types\/page"}],"author":[{"embeddable":true,"href":"https:\/\/www.landae.fr\/es\/wp-json\/wp\/v2\/users\/1"}],"replies":[{"embeddable":true,"href":"https:\/\/www.landae.fr\/es\/wp-json\/wp\/v2\/comments?post=2596"}],"version-history":[{"count":0,"href":"https:\/\/www.landae.fr\/es\/wp-json\/wp\/v2\/pages\/2596\/revisions"}],"wp:featuredmedia":[{"embeddable":true,"href":"https:\/\/www.landae.fr\/es\/wp-json\/wp\/v2\/media\/1662"}],"wp:attachment":[{"href":"https:\/\/www.landae.fr\/es\/wp-json\/wp\/v2\/media?parent=2596"}],"curies":[{"name":"wp","href":"https:\/\/api.w.org\/{rel}","templated":true}]}}

<div class="wp-block-columns alignwide is-layout-flex wp-container-core-columns-is-layout-28f84493 wp-block-columns-is-layout-flex">
<div class="wp-block-column is-layout-flow wp-block-column-is-layout-flow" style="flex-basis:66.66%">
<h2 class="wp-block-heading">¡Organiza tu evento a medida <mark style="background-color:rgba(0, 0, 0, 0)" class="has-inline-color has-theme-500-color">en plena naturaleza!</mark></h2>
</div>



<div class="wp-block-column is-layout-flow wp-block-column-is-layout-flow" style="flex-basis:33.33%"></div>
</div>



<div class="wp-block-columns alignwide is-layout-flex wp-container-core-columns-is-layout-28f84493 wp-block-columns-is-layout-flex">
<div class="wp-block-column is-layout-flow wp-block-column-is-layout-flow"></div>



<div class="wp-block-column is-layout-flow wp-block-column-is-layout-flow">
<p>El bosque de las Landas como telón de fondo. <br>LANDAE te ofrece en alquiler una sala de 320m2 totalmente equipada para tus bodas, seminarios o cumpleaños. <br>Aprovecha <a href="https://www.landae.fr/es/alojamiento-landae/" data-type="page" data-id="143">nuestro cómodo alojamiento</a> o las parcelas de acampada para alojar a tus invitados y personal.</p>



<p>Un aperitivo junto a la piscina, una comida a la sidra roja y blanca en nuestra terraza, o una cena a la luz de las velas en nuestro comedor: ¡todo es posible!</p>
</div>
</div>



<section class="wp-block-group alignfull has-global-padding is-layout-constrained wp-block-group-is-layout-constrained">
<div class="wp-block-columns alignwide is-style-default is-layout-flex wp-container-core-columns-is-layout-28f84493 wp-block-columns-is-layout-flex">
<div class="wp-block-column is-style-full-height is-layout-flow wp-block-column-is-layout-flow" style="flex-basis:33.34%">
<div class="wp-block-media-text is-stacked-on-mobile is-image-fill-element is-style-mobile linked has-false-white-color has-theme-700-background-color has-text-color has-background has-link-color wp-elements-a61a417670c0ffd2cd56a586e41f0327"><figure class="wp-block-media-text__media"><img alt="" loading="lazy" decoding="async" width="1400" height="954" src="https://www.landae.fr/wp-content/uploads/2025/12/les-espaces-communs-secret-wave-surfcamp-1400x954.webp" alt="" class="wp-image-1668 size-full" style="object-position:50% 50%" srcset="https://www.landae.fr/wp-content/uploads/2025/12/les-espaces-communs-secret-wave-surfcamp-1400x954.webp 1400w, https://www.landae.fr/wp-content/uploads/2025/12/les-espaces-communs-secret-wave-surfcamp-800x545.webp 800w, https://www.landae.fr/wp-content/uploads/2025/12/les-espaces-communs-secret-wave-surfcamp-300x204.webp 300w, https://www.landae.fr/wp-content/uploads/2025/12/les-espaces-communs-secret-wave-surfcamp-768x524.webp 768w, https://www.landae.fr/wp-content/uploads/2025/12/les-espaces-communs-secret-wave-surfcamp-1536x1047.webp 1536w, https://www.landae.fr/wp-content/uploads/2025/12/les-espaces-communs-secret-wave-surfcamp.webp 2048w" sizes="auto, (max-width: 1400px) 100vw, 1400px" /></figure><div class="wp-block-media-text__content">
<h3 class="wp-block-heading">Seminarios y creación de equipos  </h3>



<p class="has-s-font-size">Celebra tus reuniones de empresa en nuestra Sala y refuerza tu espíritu de equipo con nuestras actividades de grupo (Olimpiadas, Juego de Escape a la Naturaleza, etc.).</p>
</div></div>
</div>



<div class="wp-block-column is-style-full-height is-layout-flow wp-block-column-is-layout-flow" style="flex-basis:33.34%">
<div class="wp-block-media-text is-stacked-on-mobile is-image-fill-element is-style-mobile linked has-false-white-color has-theme-700-background-color has-text-color has-background has-link-color wp-elements-3b4bbcb0dd18f0e488e20314e824f2ae"><figure class="wp-block-media-text__media"><img alt="" loading="lazy" decoding="async" width="1400" height="933" src="https://www.landae.fr/wp-content/uploads/2025/12/piscine_004-1400x933.avif" alt="" class="wp-image-1691 size-full" style="object-position:50% 50%" srcset="https://www.landae.fr/wp-content/uploads/2025/12/piscine_004-1400x933.avif 1400w, https://www.landae.fr/wp-content/uploads/2025/12/piscine_004-800x533.avif 800w, https://www.landae.fr/wp-content/uploads/2025/12/piscine_004-300x200.avif 300w, https://www.landae.fr/wp-content/uploads/2025/12/piscine_004-768x512.avif 768w, https://www.landae.fr/wp-content/uploads/2025/12/piscine_004-1536x1024.avif 1536w, https://www.landae.fr/wp-content/uploads/2025/12/piscine_004-2048x1365.avif 2048w" sizes="auto, (max-width: 1400px) 100vw, 1400px" /></figure><div class="wp-block-media-text__content">
<h3 class="wp-block-heading">Reuniones familiares y celebraciones</h3>



<p class="has-s-font-size">Bodas, cumpleaños, fiestas de primos&#8230; Aprovecha el ambiente acogedor del camping para alojar a todos tus invitados in situ y utiliza nuestra sala de recepciones para tu comida festiva. </p>
</div></div>
</div>



<div class="wp-block-column is-style-full-height is-layout-flow wp-block-column-is-layout-flow" style="flex-basis:33.33%">
<div class="wp-block-media-text is-stacked-on-mobile is-image-fill-element is-style-mobile linked has-false-white-color has-theme-700-background-color has-text-color has-background has-link-color wp-elements-9c1fd269194da314c7d09ad24b8a90ad"><figure class="wp-block-media-text__media"><img alt="" loading="lazy" decoding="async" width="1400" height="933" src="https://www.landae.fr/wp-content/uploads/2025/12/surf-coucher-de-soleil--1400x933.jpg" alt="" class="wp-image-1548 size-full" style="object-position:50% 50%" srcset="https://www.landae.fr/wp-content/uploads/2025/12/surf-coucher-de-soleil--1400x933.jpg 1400w, https://www.landae.fr/wp-content/uploads/2025/12/surf-coucher-de-soleil--800x533.jpg 800w, https://www.landae.fr/wp-content/uploads/2025/12/surf-coucher-de-soleil--300x200.jpg 300w, https://www.landae.fr/wp-content/uploads/2025/12/surf-coucher-de-soleil--768x512.jpg 768w, https://www.landae.fr/wp-content/uploads/2025/12/surf-coucher-de-soleil--1536x1023.jpg 1536w, https://www.landae.fr/wp-content/uploads/2025/12/surf-coucher-de-soleil-.jpg 1600w" sizes="auto, (max-width: 1400px) 100vw, 1400px" /></figure><div class="wp-block-media-text__content">
<h3 class="wp-block-heading">Acogida de grupos deportivos o escolares</h3>



<p class="has-s-font-size">Ofrecemos paquetes de alojamiento y restauración adaptados a los presupuestos y requisitos logísticos de los grupos.</p>
</div></div>
</div>
</div>
</section>



<div class="wp-block-buttons is-content-justification-center is-layout-flex wp-container-core-buttons-is-layout-a89b3969 wp-block-buttons-is-layout-flex">
<div class="wp-block-button is-style-fill"><a class="wp-block-button__link has-theme-100-color has-theme-300-background-color has-text-color has-background has-link-color wp-element-button" href="https://www.landae.fr/es/acceso-y-contacto/" style="font-style:normal;font-weight:600"><mark style="background-color:rgba(0, 0, 0, 0)" class="has-inline-color has-false-black-color">QUIERO UN PRESUPUESTO A MEDIDA</mark></a></div>
</div>



<div class="wp-block-columns is-layout-flex wp-container-core-columns-is-layout-28f84493 wp-block-columns-is-layout-flex">
<div class="wp-block-column is-layout-flow wp-block-column-is-layout-flow"></div>
</div>

<p>¡Organiza tu evento a medida en plena naturaleza! El bosque de las Landas como telón de fondo. LANDAE te ofrece en alquiler una sala de 320m2 totalmente equipada para tus bodas, seminarios o cumpleaños. Aprovecha nuestro cómodo alojamiento o las parcelas de acampada para alojar a tus invitados y personal. Un aperitivo junto a la [&hellip;]</p>
