{"id":2595,"date":"2025-12-04T10:16:30","date_gmt":"2025-12-04T09:16:30","guid":{"rendered":"https:\/\/www.landae.fr\/gruppen-veranstaltungen\/"},"modified":"2025-12-04T10:16:30","modified_gmt":"2025-12-04T09:16:30","slug":"gruppen-veranstaltungen","status":"publish","type":"page","link":"https:\/\/www.landae.fr\/de\/gruppen-veranstaltungen\/","title":{"rendered":"Gruppen &amp; Veranstaltungen"},"content":{"rendered":"\n<div class=\"wp-block-columns alignwide is-layout-flex wp-container-core-columns-is-layout-28f84493 wp-block-columns-is-layout-flex\">\n<div class=\"wp-block-column is-layout-flow wp-block-column-is-layout-flow\" style=\"flex-basis:66.66%\">\n<h2 class=\"wp-block-heading\">Organisieren Sie Ihre Veranstaltung nach Ma\u00df, <mark style=\"background-color:rgba(0, 0, 0, 0)\" class=\"has-inline-color has-theme-500-color\">im Herzen der Natur!<\/mark><\/h2>\n<\/div>\n\n\n\n<div class=\"wp-block-column is-layout-flow wp-block-column-is-layout-flow\" style=\"flex-basis:33.33%\"><\/div>\n<\/div>\n\n\n\n<div class=\"wp-block-columns alignwide is-layout-flex wp-container-core-columns-is-layout-28f84493 wp-block-columns-is-layout-flex\">\n<div class=\"wp-block-column is-layout-flow wp-block-column-is-layout-flow\"><\/div>\n\n\n\n<div class=\"wp-block-column is-layout-flow wp-block-column-is-layout-flow\">\n<p>Der Wald von Les Landes als Kulisse. <br>LANDAE bietet Ihnen die Vermietung eines 320m2 gro\u00dfen, voll ausgestatteten Saals f\u00fcr Ihre Hochzeiten, Seminare oder Geburtstage. <br>Nutzen Sie <a href=\"https:\/\/www.landae.fr\/de\/unterkunfte-landae\/\" data-type=\"page\" data-id=\"143\">unsere komfortablen Unterk\u00fcnfte<\/a> oder Campingpl\u00e4tze, um Ihre G\u00e4ste oder Mitarbeiter zu beherbergen.<\/p>\n\n\n\n<p>Ein Aperitif am Pool, ein Cidre-Essen in Rot und Wei\u00df auf unserer Terrasse oder ein Abendessen bei Kerzenschein in unserem Saal &#8211; alles ist m\u00f6glich!<\/p>\n<\/div>\n<\/div>\n\n\n\n<section class=\"wp-block-group alignfull has-global-padding is-layout-constrained wp-block-group-is-layout-constrained\">\n<div class=\"wp-block-columns alignwide is-style-default is-layout-flex wp-container-core-columns-is-layout-28f84493 wp-block-columns-is-layout-flex\">\n<div class=\"wp-block-column is-style-full-height is-layout-flow wp-block-column-is-layout-flow\" style=\"flex-basis:33.34%\">\n<div class=\"wp-block-media-text is-stacked-on-mobile is-image-fill-element is-style-mobile linked has-false-white-color has-theme-700-background-color has-text-color has-background has-link-color wp-elements-6367bdddfc86ab35384b94cbb6270fd6\"><figure class=\"wp-block-media-text__media\"><img alt=\"\" loading=\"lazy\" decoding=\"async\" width=\"1400\" height=\"954\" src=\"https:\/\/www.landae.fr\/wp-content\/uploads\/2025\/12\/les-espaces-communs-secret-wave-surfcamp-1400x954.webp\" alt=\"\" class=\"wp-image-1668 size-full\" style=\"object-position:50% 50%\" srcset=\"https:\/\/www.landae.fr\/wp-content\/uploads\/2025\/12\/les-espaces-communs-secret-wave-surfcamp-1400x954.webp 1400w, https:\/\/www.landae.fr\/wp-content\/uploads\/2025\/12\/les-espaces-communs-secret-wave-surfcamp-800x545.webp 800w, https:\/\/www.landae.fr\/wp-content\/uploads\/2025\/12\/les-espaces-communs-secret-wave-surfcamp-300x204.webp 300w, https:\/\/www.landae.fr\/wp-content\/uploads\/2025\/12\/les-espaces-communs-secret-wave-surfcamp-768x524.webp 768w, https:\/\/www.landae.fr\/wp-content\/uploads\/2025\/12\/les-espaces-communs-secret-wave-surfcamp-1536x1047.webp 1536w, https:\/\/www.landae.fr\/wp-content\/uploads\/2025\/12\/les-espaces-communs-secret-wave-surfcamp.webp 2048w\" sizes=\"auto, (max-width: 1400px) 100vw, 1400px\" \/><\/figure><div class=\"wp-block-media-text__content\">\n<h3 class=\"wp-block-heading\">Seminare und Team-Building  <\/h3>\n\n\n\n<p class=\"has-s-font-size\">Organisieren Sie Ihre Arbeitstreffen in unserem Saal und st\u00e4rken Sie den Zusammenhalt Ihrer Teams mit unseren Gruppenaktivit\u00e4ten (Olympiade, Escape Game Nature, etc.).<\/p>\n<\/div><\/div>\n<\/div>\n\n\n\n<div class=\"wp-block-column is-style-full-height is-layout-flow wp-block-column-is-layout-flow\" style=\"flex-basis:33.34%\">\n<div class=\"wp-block-media-text is-stacked-on-mobile is-image-fill-element is-style-mobile linked has-false-white-color has-theme-700-background-color has-text-color has-background has-link-color wp-elements-2a0393a65e699824acac212c9537c26b\"><figure class=\"wp-block-media-text__media\"><img alt=\"\" loading=\"lazy\" decoding=\"async\" width=\"1400\" height=\"933\" src=\"https:\/\/www.landae.fr\/wp-content\/uploads\/2025\/12\/piscine_004-1400x933.avif\" alt=\"\" class=\"wp-image-1691 size-full\" style=\"object-position:50% 50%\" srcset=\"https:\/\/www.landae.fr\/wp-content\/uploads\/2025\/12\/piscine_004-1400x933.avif 1400w, https:\/\/www.landae.fr\/wp-content\/uploads\/2025\/12\/piscine_004-800x533.avif 800w, https:\/\/www.landae.fr\/wp-content\/uploads\/2025\/12\/piscine_004-300x200.avif 300w, https:\/\/www.landae.fr\/wp-content\/uploads\/2025\/12\/piscine_004-768x512.avif 768w, https:\/\/www.landae.fr\/wp-content\/uploads\/2025\/12\/piscine_004-1536x1024.avif 1536w, https:\/\/www.landae.fr\/wp-content\/uploads\/2025\/12\/piscine_004-2048x1365.avif 2048w\" sizes=\"auto, (max-width: 1400px) 100vw, 1400px\" \/><\/figure><div class=\"wp-block-media-text__content\">\n<h3 class=\"wp-block-heading\">Familientreffen und Feiern<\/h3>\n\n\n\n<p class=\"has-s-font-size\">Hochzeiten, Geburtstage, Cousinaden&#8230; Nutzen Sie die Geselligkeit des Campingplatzes, um alle Ihre G\u00e4ste vor Ort unterzubringen und unseren Empfangssaal f\u00fcr Ihr Festessen zu nutzen. <\/p>\n<\/div><\/div>\n<\/div>\n\n\n\n<div class=\"wp-block-column is-style-full-height is-layout-flow wp-block-column-is-layout-flow\" style=\"flex-basis:33.33%\">\n<div class=\"wp-block-media-text is-stacked-on-mobile is-image-fill-element is-style-mobile linked has-false-white-color has-theme-700-background-color has-text-color has-background has-link-color wp-elements-33c7702070739aad860c870dabcce47d\"><figure class=\"wp-block-media-text__media\"><img alt=\"\" loading=\"lazy\" decoding=\"async\" width=\"1400\" height=\"933\" src=\"https:\/\/www.landae.fr\/wp-content\/uploads\/2025\/12\/surf-coucher-de-soleil--1400x933.jpg\" alt=\"\" class=\"wp-image-1548 size-full\" style=\"object-position:50% 50%\" srcset=\"https:\/\/www.landae.fr\/wp-content\/uploads\/2025\/12\/surf-coucher-de-soleil--1400x933.jpg 1400w, https:\/\/www.landae.fr\/wp-content\/uploads\/2025\/12\/surf-coucher-de-soleil--800x533.jpg 800w, https:\/\/www.landae.fr\/wp-content\/uploads\/2025\/12\/surf-coucher-de-soleil--300x200.jpg 300w, https:\/\/www.landae.fr\/wp-content\/uploads\/2025\/12\/surf-coucher-de-soleil--768x512.jpg 768w, https:\/\/www.landae.fr\/wp-content\/uploads\/2025\/12\/surf-coucher-de-soleil--1536x1023.jpg 1536w, https:\/\/www.landae.fr\/wp-content\/uploads\/2025\/12\/surf-coucher-de-soleil-.jpg 1600w\" sizes=\"auto, (max-width: 1400px) 100vw, 1400px\" \/><\/figure><div class=\"wp-block-media-text__content\">\n<h3 class=\"wp-block-heading\">Empfang von Sport- oder Schulgruppen<\/h3>\n\n\n\n<p class=\"has-s-font-size\">Wir bieten Unterkunfts- und Verpflegungspakete an, die auf die Budgets und logistischen Bed\u00fcrfnisse der Gruppen zugeschnitten sind.<\/p>\n<\/div><\/div>\n<\/div>\n<\/div>\n<\/section>\n\n\n\n<div class=\"wp-block-buttons is-content-justification-center is-layout-flex wp-container-core-buttons-is-layout-a89b3969 wp-block-buttons-is-layout-flex\">\n<div class=\"wp-block-button is-style-fill\"><a class=\"wp-block-button__link has-theme-100-color has-theme-300-background-color has-text-color has-background has-link-color wp-element-button\" href=\"https:\/\/www.landae.fr\/de\/zugang-kontakt\/\" style=\"font-style:normal;font-weight:600\"><mark style=\"background-color:rgba(0, 0, 0, 0)\" class=\"has-inline-color has-false-black-color\">ICH M\u00d6CHTE EIN MASSGESCHNEIDERTES ANGEBOT<\/mark><\/a><\/div>\n<\/div>\n\n\n\n<div class=\"wp-block-columns is-layout-flex wp-container-core-columns-is-layout-28f84493 wp-block-columns-is-layout-flex\">\n<div class=\"wp-block-column is-layout-flow wp-block-column-is-layout-flow\"><\/div>\n<\/div>\n","protected":false},"excerpt":{"rendered":"<p>Organisieren Sie Ihre Veranstaltung nach Ma\u00df, im Herzen der Natur! Der Wald von Les Landes als Kulisse. LANDAE bietet Ihnen die Vermietung eines 320m2 gro\u00dfen, voll ausgestatteten Saals f\u00fcr Ihre Hochzeiten, Seminare oder Geburtstage. Nutzen Sie unsere komfortablen Unterk\u00fcnfte oder Campingpl\u00e4tze, um Ihre G\u00e4ste oder Mitarbeiter zu beherbergen. Ein Aperitif am Pool, ein Cidre-Essen in [&hellip;]<\/p>\n","protected":false},"author":1,"featured_media":1661,"parent":0,"menu_order":0,"comment_status":"closed","ping_status":"closed","template":"","meta":{"_acf_changed":false,"_seopress_robots_primary_cat":"","_seopress_titles_title":"","_seopress_titles_desc":"","_seopress_robots_index":"","footnotes":""},"class_list":["post-2595","page","type-page","status-publish","has-post-thumbnail"],"acf":[],"_links":{"self":[{"href":"https:\/\/www.landae.fr\/de\/wp-json\/wp\/v2\/pages\/2595","targetHints":{"allow":["GET"]}}],"collection":[{"href":"https:\/\/www.landae.fr\/de\/wp-json\/wp\/v2\/pages"}],"about":[{"href":"https:\/\/www.landae.fr\/de\/wp-json\/wp\/v2\/types\/page"}],"author":[{"embeddable":true,"href":"https:\/\/www.landae.fr\/de\/wp-json\/wp\/v2\/users\/1"}],"replies":[{"embeddable":true,"href":"https:\/\/www.landae.fr\/de\/wp-json\/wp\/v2\/comments?post=2595"}],"version-history":[{"count":0,"href":"https:\/\/www.landae.fr\/de\/wp-json\/wp\/v2\/pages\/2595\/revisions"}],"wp:featuredmedia":[{"embeddable":true,"href":"https:\/\/www.landae.fr\/de\/wp-json\/wp\/v2\/media\/1661"}],"wp:attachment":[{"href":"https:\/\/www.landae.fr\/de\/wp-json\/wp\/v2\/media?parent=2595"}],"curies":[{"name":"wp","href":"https:\/\/api.w.org\/{rel}","templated":true}]}}

<div class="wp-block-columns alignwide is-layout-flex wp-container-core-columns-is-layout-28f84493 wp-block-columns-is-layout-flex">
<div class="wp-block-column is-layout-flow wp-block-column-is-layout-flow" style="flex-basis:66.66%">
<h2 class="wp-block-heading">Organisieren Sie Ihre Veranstaltung nach Maß, <mark style="background-color:rgba(0, 0, 0, 0)" class="has-inline-color has-theme-500-color">im Herzen der Natur!</mark></h2>
</div>



<div class="wp-block-column is-layout-flow wp-block-column-is-layout-flow" style="flex-basis:33.33%"></div>
</div>



<div class="wp-block-columns alignwide is-layout-flex wp-container-core-columns-is-layout-28f84493 wp-block-columns-is-layout-flex">
<div class="wp-block-column is-layout-flow wp-block-column-is-layout-flow"></div>



<div class="wp-block-column is-layout-flow wp-block-column-is-layout-flow">
<p>Der Wald von Les Landes als Kulisse. <br>LANDAE bietet Ihnen die Vermietung eines 320m2 großen, voll ausgestatteten Saals für Ihre Hochzeiten, Seminare oder Geburtstage. <br>Nutzen Sie <a href="https://www.landae.fr/de/unterkunfte-landae/" data-type="page" data-id="143">unsere komfortablen Unterkünfte</a> oder Campingplätze, um Ihre Gäste oder Mitarbeiter zu beherbergen.</p>



<p>Ein Aperitif am Pool, ein Cidre-Essen in Rot und Weiß auf unserer Terrasse oder ein Abendessen bei Kerzenschein in unserem Saal &#8211; alles ist möglich!</p>
</div>
</div>



<section class="wp-block-group alignfull has-global-padding is-layout-constrained wp-block-group-is-layout-constrained">
<div class="wp-block-columns alignwide is-style-default is-layout-flex wp-container-core-columns-is-layout-28f84493 wp-block-columns-is-layout-flex">
<div class="wp-block-column is-style-full-height is-layout-flow wp-block-column-is-layout-flow" style="flex-basis:33.34%">
<div class="wp-block-media-text is-stacked-on-mobile is-image-fill-element is-style-mobile linked has-false-white-color has-theme-700-background-color has-text-color has-background has-link-color wp-elements-6367bdddfc86ab35384b94cbb6270fd6"><figure class="wp-block-media-text__media"><img alt="" loading="lazy" decoding="async" width="1400" height="954" src="https://www.landae.fr/wp-content/uploads/2025/12/les-espaces-communs-secret-wave-surfcamp-1400x954.webp" alt="" class="wp-image-1668 size-full" style="object-position:50% 50%" srcset="https://www.landae.fr/wp-content/uploads/2025/12/les-espaces-communs-secret-wave-surfcamp-1400x954.webp 1400w, https://www.landae.fr/wp-content/uploads/2025/12/les-espaces-communs-secret-wave-surfcamp-800x545.webp 800w, https://www.landae.fr/wp-content/uploads/2025/12/les-espaces-communs-secret-wave-surfcamp-300x204.webp 300w, https://www.landae.fr/wp-content/uploads/2025/12/les-espaces-communs-secret-wave-surfcamp-768x524.webp 768w, https://www.landae.fr/wp-content/uploads/2025/12/les-espaces-communs-secret-wave-surfcamp-1536x1047.webp 1536w, https://www.landae.fr/wp-content/uploads/2025/12/les-espaces-communs-secret-wave-surfcamp.webp 2048w" sizes="auto, (max-width: 1400px) 100vw, 1400px" /></figure><div class="wp-block-media-text__content">
<h3 class="wp-block-heading">Seminare und Team-Building  </h3>



<p class="has-s-font-size">Organisieren Sie Ihre Arbeitstreffen in unserem Saal und stärken Sie den Zusammenhalt Ihrer Teams mit unseren Gruppenaktivitäten (Olympiade, Escape Game Nature, etc.).</p>
</div></div>
</div>



<div class="wp-block-column is-style-full-height is-layout-flow wp-block-column-is-layout-flow" style="flex-basis:33.34%">
<div class="wp-block-media-text is-stacked-on-mobile is-image-fill-element is-style-mobile linked has-false-white-color has-theme-700-background-color has-text-color has-background has-link-color wp-elements-2a0393a65e699824acac212c9537c26b"><figure class="wp-block-media-text__media"><img alt="" loading="lazy" decoding="async" width="1400" height="933" src="https://www.landae.fr/wp-content/uploads/2025/12/piscine_004-1400x933.avif" alt="" class="wp-image-1691 size-full" style="object-position:50% 50%" srcset="https://www.landae.fr/wp-content/uploads/2025/12/piscine_004-1400x933.avif 1400w, https://www.landae.fr/wp-content/uploads/2025/12/piscine_004-800x533.avif 800w, https://www.landae.fr/wp-content/uploads/2025/12/piscine_004-300x200.avif 300w, https://www.landae.fr/wp-content/uploads/2025/12/piscine_004-768x512.avif 768w, https://www.landae.fr/wp-content/uploads/2025/12/piscine_004-1536x1024.avif 1536w, https://www.landae.fr/wp-content/uploads/2025/12/piscine_004-2048x1365.avif 2048w" sizes="auto, (max-width: 1400px) 100vw, 1400px" /></figure><div class="wp-block-media-text__content">
<h3 class="wp-block-heading">Familientreffen und Feiern</h3>



<p class="has-s-font-size">Hochzeiten, Geburtstage, Cousinaden&#8230; Nutzen Sie die Geselligkeit des Campingplatzes, um alle Ihre Gäste vor Ort unterzubringen und unseren Empfangssaal für Ihr Festessen zu nutzen. </p>
</div></div>
</div>



<div class="wp-block-column is-style-full-height is-layout-flow wp-block-column-is-layout-flow" style="flex-basis:33.33%">
<div class="wp-block-media-text is-stacked-on-mobile is-image-fill-element is-style-mobile linked has-false-white-color has-theme-700-background-color has-text-color has-background has-link-color wp-elements-33c7702070739aad860c870dabcce47d"><figure class="wp-block-media-text__media"><img alt="" loading="lazy" decoding="async" width="1400" height="933" src="https://www.landae.fr/wp-content/uploads/2025/12/surf-coucher-de-soleil--1400x933.jpg" alt="" class="wp-image-1548 size-full" style="object-position:50% 50%" srcset="https://www.landae.fr/wp-content/uploads/2025/12/surf-coucher-de-soleil--1400x933.jpg 1400w, https://www.landae.fr/wp-content/uploads/2025/12/surf-coucher-de-soleil--800x533.jpg 800w, https://www.landae.fr/wp-content/uploads/2025/12/surf-coucher-de-soleil--300x200.jpg 300w, https://www.landae.fr/wp-content/uploads/2025/12/surf-coucher-de-soleil--768x512.jpg 768w, https://www.landae.fr/wp-content/uploads/2025/12/surf-coucher-de-soleil--1536x1023.jpg 1536w, https://www.landae.fr/wp-content/uploads/2025/12/surf-coucher-de-soleil-.jpg 1600w" sizes="auto, (max-width: 1400px) 100vw, 1400px" /></figure><div class="wp-block-media-text__content">
<h3 class="wp-block-heading">Empfang von Sport- oder Schulgruppen</h3>



<p class="has-s-font-size">Wir bieten Unterkunfts- und Verpflegungspakete an, die auf die Budgets und logistischen Bedürfnisse der Gruppen zugeschnitten sind.</p>
</div></div>
</div>
</div>
</section>



<div class="wp-block-buttons is-content-justification-center is-layout-flex wp-container-core-buttons-is-layout-a89b3969 wp-block-buttons-is-layout-flex">
<div class="wp-block-button is-style-fill"><a class="wp-block-button__link has-theme-100-color has-theme-300-background-color has-text-color has-background has-link-color wp-element-button" href="https://www.landae.fr/de/zugang-kontakt/" style="font-style:normal;font-weight:600"><mark style="background-color:rgba(0, 0, 0, 0)" class="has-inline-color has-false-black-color">ICH MÖCHTE EIN MASSGESCHNEIDERTES ANGEBOT</mark></a></div>
</div>



<div class="wp-block-columns is-layout-flex wp-container-core-columns-is-layout-28f84493 wp-block-columns-is-layout-flex">
<div class="wp-block-column is-layout-flow wp-block-column-is-layout-flow"></div>
</div>

<p>Organisieren Sie Ihre Veranstaltung nach Maß, im Herzen der Natur! Der Wald von Les Landes als Kulisse. LANDAE bietet Ihnen die Vermietung eines 320m2 großen, voll ausgestatteten Saals für Ihre Hochzeiten, Seminare oder Geburtstage. Nutzen Sie unsere komfortablen Unterkünfte oder Campingplätze, um Ihre Gäste oder Mitarbeiter zu beherbergen. Ein Aperitif am Pool, ein Cidre-Essen in [&hellip;]</p>
